{"id":6436,"date":"2023-09-04T08:09:09","date_gmt":"2023-09-04T08:09:09","guid":{"rendered":"https:\/\/www.yaseminanaokulu.com\/?page_id=6436"},"modified":"2023-09-04T08:18:23","modified_gmt":"2023-09-04T08:18:23","slug":"psat","status":"publish","type":"page","link":"https:\/\/www.yaseminanaokulu.com\/?page_id=6436","title":{"rendered":"PSAT"},"content":{"rendered":"\t\t<div data-elementor-type=\"wp-page\" data-elementor-id=\"6436\" class=\"elementor elementor-6436\">\n\t\t\t\t\t\t<div class=\"elementor-inner\">\n\t\t\t\t<div class=\"elementor-section-wrap\">\n\t\t\t\t\t\t\t\t\t<section class=\"elementor-section elementor-top-section elementor-element elementor-element-dc1f7d8 elementor-section-boxed elementor-section-height-default elementor-section-height-default\" data-id=\"dc1f7d8\" data-element_type=\"section\">\n\t\t\t\t\t\t<div class=\"elementor-container elementor-column-gap-default\">\n\t\t\t\t\t\t\t<div class=\"elementor-row\">\n\t\t\t\t\t<div class=\"elementor-column elementor-col-100 elementor-top-column elementor-element elementor-element-6db948c\" data-id=\"6db948c\" data-element_type=\"column\">\n\t\t\t<div class=\"elementor-column-wrap elementor-element-populated\">\n\t\t\t\t\t\t\t<div class=\"elementor-widget-wrap\">\n\t\t\t\t\t\t<div class=\"elementor-element elementor-element-290c263 elementor-widget elementor-widget-cws_heading\" data-id=\"290c263\" data-element_type=\"widget\" data-widget_type=\"cws_heading.default\">\n\t\t\t\t<div class=\"elementor-widget-container\">\n\t\t\t<h3 class=\"ce_title heading\"><div>MEB \u00d6zel Yasemin Anaokulu - Avc\u0131lar\n<\/div><\/h3>\t\t<\/div>\n\t\t\t\t<\/div>\n\t\t\t\t\t\t<\/div>\n\t\t\t\t\t<\/div>\n\t\t<\/div>\n\t\t\t\t\t\t\t\t<\/div>\n\t\t\t\t\t<\/div>\n\t\t<\/section>\n\t\t\t\t<section class=\"elementor-section elementor-top-section elementor-element elementor-element-c312cb7 elementor-section-boxed elementor-section-height-default elementor-section-height-default\" data-id=\"c312cb7\" data-element_type=\"section\">\n\t\t\t\t\t\t<div class=\"elementor-container elementor-column-gap-default\">\n\t\t\t\t\t\t\t<div class=\"elementor-row\">\n\t\t\t\t\t<div class=\"elementor-column elementor-col-100 elementor-top-column elementor-element elementor-element-f8a76f2\" data-id=\"f8a76f2\" data-element_type=\"column\">\n\t\t\t<div class=\"elementor-column-wrap elementor-element-populated\">\n\t\t\t\t\t\t\t<div class=\"elementor-widget-wrap\">\n\t\t\t\t\t\t<div class=\"elementor-element elementor-element-ebebb35 elementor-widget elementor-widget-text-editor\" data-id=\"ebebb35\" data-element_type=\"widget\" data-widget_type=\"text-editor.default\">\n\t\t\t\t<div class=\"elementor-widget-container\">\n\t\t\t<style>\/*! elementor - v3.15.0 - 20-08-2023 *\/\n.elementor-widget-text-editor.elementor-drop-cap-view-stacked .elementor-drop-cap{background-color:#69727d;color:#fff}.elementor-widget-text-editor.elementor-drop-cap-view-framed .elementor-drop-cap{color:#69727d;border:3px solid;background-color:transparent}.elementor-widget-text-editor:not(.elementor-drop-cap-view-default) .elementor-drop-cap{margin-top:8px}.elementor-widget-text-editor:not(.elementor-drop-cap-view-default) .elementor-drop-cap-letter{width:1em;height:1em}.elementor-widget-text-editor .elementor-drop-cap{float:left;text-align:center;line-height:1;font-size:50px}.elementor-widget-text-editor .elementor-drop-cap-letter{display:inline-block}<\/style>\t\t\t\t\t<div class=\"elementor-text-editor elementor-clearfix\">\n\t\t\t\t<p><strong>\u00a0 \u00a0 Planlayan<\/strong><\/p><p><strong><img decoding=\"async\" loading=\"lazy\" class=\"alignnone size-medium wp-image-3770\" src=\"http:\/\/www.yaseminanaokulu.com\/wp-content\/uploads\/2015\/08\/portfolio_7-300x300.jpg\" alt=\"\" width=\"300\" height=\"300\" srcset=\"https:\/\/www.yaseminanaokulu.com\/wp-content\/uploads\/2015\/08\/portfolio_7-300x300.jpg 300w, https:\/\/www.yaseminanaokulu.com\/wp-content\/uploads\/2015\/08\/portfolio_7-1024x1024.jpg 1024w, https:\/\/www.yaseminanaokulu.com\/wp-content\/uploads\/2015\/08\/portfolio_7-150x150.jpg 150w, https:\/\/www.yaseminanaokulu.com\/wp-content\/uploads\/2015\/08\/portfolio_7-768x768.jpg 768w, https:\/\/www.yaseminanaokulu.com\/wp-content\/uploads\/2015\/08\/portfolio_7-1536x1536.jpg 1536w, https:\/\/www.yaseminanaokulu.com\/wp-content\/uploads\/2015\/08\/portfolio_7-2048x2048.jpg 2048w, https:\/\/www.yaseminanaokulu.com\/wp-content\/uploads\/2015\/08\/portfolio_7-100x100.jpg 100w, https:\/\/www.yaseminanaokulu.com\/wp-content\/uploads\/2015\/08\/portfolio_7-230x230.jpg 230w, https:\/\/www.yaseminanaokulu.com\/wp-content\/uploads\/2015\/08\/portfolio_7-600x600.jpg 600w, https:\/\/www.yaseminanaokulu.com\/wp-content\/uploads\/2015\/08\/portfolio_7.jpg 1000w\" sizes=\"(max-width: 300px) 100vw, 300px\" \/><\/strong><br \/><strong><br \/><\/strong><\/p><p><strong>Sorgulayan<\/strong><\/p><p><b><br \/><\/b><strong><img decoding=\"async\" loading=\"lazy\" class=\"alignnone size-medium wp-image-3769\" src=\"http:\/\/www.yaseminanaokulu.com\/wp-content\/uploads\/2015\/08\/portfolio_6-300x300.jpg\" alt=\"\" width=\"300\" height=\"300\" srcset=\"https:\/\/www.yaseminanaokulu.com\/wp-content\/uploads\/2015\/08\/portfolio_6-300x300.jpg 300w, https:\/\/www.yaseminanaokulu.com\/wp-content\/uploads\/2015\/08\/portfolio_6-1024x1024.jpg 1024w, https:\/\/www.yaseminanaokulu.com\/wp-content\/uploads\/2015\/08\/portfolio_6-150x150.jpg 150w, https:\/\/www.yaseminanaokulu.com\/wp-content\/uploads\/2015\/08\/portfolio_6-768x768.jpg 768w, https:\/\/www.yaseminanaokulu.com\/wp-content\/uploads\/2015\/08\/portfolio_6-1536x1536.jpg 1536w, https:\/\/www.yaseminanaokulu.com\/wp-content\/uploads\/2015\/08\/portfolio_6-2048x2048.jpg 2048w, https:\/\/www.yaseminanaokulu.com\/wp-content\/uploads\/2015\/08\/portfolio_6-100x100.jpg 100w, https:\/\/www.yaseminanaokulu.com\/wp-content\/uploads\/2015\/08\/portfolio_6-230x230.jpg 230w, https:\/\/www.yaseminanaokulu.com\/wp-content\/uploads\/2015\/08\/portfolio_6-600x600.jpg 600w, https:\/\/www.yaseminanaokulu.com\/wp-content\/uploads\/2015\/08\/portfolio_6.jpg 1000w\" sizes=\"(max-width: 300px) 100vw, 300px\" \/><\/strong><\/p><p><strong>Ara\u015ft\u0131ran<\/strong><\/p><p><b><br \/><\/b><strong><img decoding=\"async\" loading=\"lazy\" class=\"alignnone size-medium wp-image-3731\" src=\"http:\/\/www.yaseminanaokulu.com\/wp-content\/uploads\/2015\/02\/blog_3_col_1-300x300.jpg\" alt=\"\" width=\"300\" height=\"300\" srcset=\"https:\/\/www.yaseminanaokulu.com\/wp-content\/uploads\/2015\/02\/blog_3_col_1-300x300.jpg 300w, https:\/\/www.yaseminanaokulu.com\/wp-content\/uploads\/2015\/02\/blog_3_col_1-1024x1024.jpg 1024w, https:\/\/www.yaseminanaokulu.com\/wp-content\/uploads\/2015\/02\/blog_3_col_1-150x150.jpg 150w, https:\/\/www.yaseminanaokulu.com\/wp-content\/uploads\/2015\/02\/blog_3_col_1-768x768.jpg 768w, https:\/\/www.yaseminanaokulu.com\/wp-content\/uploads\/2015\/02\/blog_3_col_1-1536x1536.jpg 1536w, https:\/\/www.yaseminanaokulu.com\/wp-content\/uploads\/2015\/02\/blog_3_col_1-2048x2048.jpg 2048w, https:\/\/www.yaseminanaokulu.com\/wp-content\/uploads\/2015\/02\/blog_3_col_1-100x100.jpg 100w, https:\/\/www.yaseminanaokulu.com\/wp-content\/uploads\/2015\/02\/blog_3_col_1-230x230.jpg 230w, https:\/\/www.yaseminanaokulu.com\/wp-content\/uploads\/2015\/02\/blog_3_col_1-600x600.jpg 600w, https:\/\/www.yaseminanaokulu.com\/wp-content\/uploads\/2015\/02\/blog_3_col_1.jpg 1000w\" sizes=\"(max-width: 300px) 100vw, 300px\" \/><\/strong><\/p><p><strong>Tasarlayan<\/strong><\/p><p><strong><img decoding=\"async\" loading=\"lazy\" class=\"alignnone size-medium wp-image-3766\" src=\"http:\/\/www.yaseminanaokulu.com\/wp-content\/uploads\/2015\/08\/portfolio_3-300x300.jpg\" alt=\"\" width=\"300\" height=\"300\" srcset=\"https:\/\/www.yaseminanaokulu.com\/wp-content\/uploads\/2015\/08\/portfolio_3-300x300.jpg 300w, https:\/\/www.yaseminanaokulu.com\/wp-content\/uploads\/2015\/08\/portfolio_3-1024x1024.jpg 1024w, https:\/\/www.yaseminanaokulu.com\/wp-content\/uploads\/2015\/08\/portfolio_3-150x150.jpg 150w, https:\/\/www.yaseminanaokulu.com\/wp-content\/uploads\/2015\/08\/portfolio_3-768x768.jpg 768w, https:\/\/www.yaseminanaokulu.com\/wp-content\/uploads\/2015\/08\/portfolio_3-1536x1536.jpg 1536w, https:\/\/www.yaseminanaokulu.com\/wp-content\/uploads\/2015\/08\/portfolio_3-2048x2048.jpg 2048w, https:\/\/www.yaseminanaokulu.com\/wp-content\/uploads\/2015\/08\/portfolio_3-100x100.jpg 100w, https:\/\/www.yaseminanaokulu.com\/wp-content\/uploads\/2015\/08\/portfolio_3-230x230.jpg 230w, https:\/\/www.yaseminanaokulu.com\/wp-content\/uploads\/2015\/08\/portfolio_3-600x600.jpg 600w, https:\/\/www.yaseminanaokulu.com\/wp-content\/uploads\/2015\/08\/portfolio_3.jpg 1000w\" sizes=\"(max-width: 300px) 100vw, 300px\" \/><\/strong><\/p>\t\t\t\t\t<\/div>\n\t\t\t\t\t\t<\/div>\n\t\t\t\t<\/div>\n\t\t\t\t<div class=\"elementor-element elementor-element-a9007b6 elementor-widget elementor-widget-text-editor\" data-id=\"a9007b6\" data-element_type=\"widget\" data-widget_type=\"text-editor.default\">\n\t\t\t\t<div class=\"elementor-widget-container\">\n\t\t\t\t\t\t\t\t<div class=\"elementor-text-editor elementor-clearfix\">\n\t\t\t\t<p>Planlayan<br \/>Sorgulayan<br \/>Ara\u015ft\u0131ran<br \/>Tasarlayan<\/p>\t\t\t\t\t<\/div>\n\t\t\t\t\t\t<\/div>\n\t\t\t\t<\/div>\n\t\t\t\t\t\t<\/div>\n\t\t\t\t\t<\/div>\n\t\t<\/div>\n\t\t\t\t\t\t\t\t<\/div>\n\t\t\t\t\t<\/div>\n\t\t<\/section>\n\t\t\t\t<section class=\"elementor-section elementor-top-section elementor-element elementor-element-eafef6b elementor-section-boxed elementor-section-height-default elementor-section-height-default\" data-id=\"eafef6b\" data-element_type=\"section\">\n\t\t\t\t\t\t<div class=\"elementor-container elementor-column-gap-default\">\n\t\t\t\t\t\t\t<div class=\"elementor-row\">\n\t\t\t\t\t<div class=\"elementor-column elementor-col-100 elementor-top-column elementor-element elementor-element-26d6da0\" data-id=\"26d6da0\" data-element_type=\"column\">\n\t\t\t<div class=\"elementor-column-wrap elementor-element-populated\">\n\t\t\t\t\t\t\t<div class=\"elementor-widget-wrap\">\n\t\t\t\t\t\t<div class=\"elementor-element elementor-element-690dff8 elementor-widget elementor-widget-cws_tabs\" data-id=\"690dff8\" data-element_type=\"widget\" data-widget_type=\"cws_tabs.default\">\n\t\t\t\t<div class=\"elementor-widget-container\">\n\t\t\t        <div class=\"ce clearfix\">\n            <div class=\"cws_ce_content ce_tabs\">\n                <div class=\"tabs clearfix\">\n                                    <\/div>\n\n                <div class=\"tab_items\">\n                                    <\/div>\n            <\/div>\n        <\/div>\n        \t\t<\/div>\n\t\t\t\t<\/div>\n\t\t\t\t\t\t<\/div>\n\t\t\t\t\t<\/div>\n\t\t<\/div>\n\t\t\t\t\t\t\t\t<\/div>\n\t\t\t\t\t<\/div>\n\t\t<\/section>\n\t\t\t\t\t\t\t\t\t<\/div>\n\t\t\t<\/div>\n\t\t\t\t\t<\/div>\n\t\t","protected":false},"excerpt":{"rendered":"<p>\u00a0 \u00a0 Planlayan Sorgulayan Ara\u015ft\u0131ran Tasarlayan PlanlayanSorgulayanAra\u015ft\u0131ranTasarlayan<\/p>\n","protected":false},"author":1,"featured_media":0,"parent":0,"menu_order":0,"comment_status":"closed","ping_status":"closed","template":"","meta":{"footnotes":""},"_links":{"self":[{"href":"https:\/\/www.yaseminanaokulu.com\/index.php?rest_route=\/wp\/v2\/pages\/6436"}],"collection":[{"href":"https:\/\/www.yaseminanaokulu.com\/index.php?rest_route=\/wp\/v2\/pages"}],"about":[{"href":"https:\/\/www.yaseminanaokulu.com\/index.php?rest_route=\/wp\/v2\/types\/page"}],"author":[{"embeddable":true,"href":"https:\/\/www.yaseminanaokulu.com\/index.php?rest_route=\/wp\/v2\/users\/1"}],"replies":[{"embeddable":true,"href":"https:\/\/www.yaseminanaokulu.com\/index.php?rest_route=%2Fwp%2Fv2%2Fcomments&post=6436"}],"version-history":[{"count":7,"href":"https:\/\/www.yaseminanaokulu.com\/index.php?rest_route=\/wp\/v2\/pages\/6436\/revisions"}],"predecessor-version":[{"id":6444,"href":"https:\/\/www.yaseminanaokulu.com\/index.php?rest_route=\/wp\/v2\/pages\/6436\/revisions\/6444"}],"wp:attachment":[{"href":"https:\/\/www.yaseminanaokulu.com\/index.php?rest_route=%2Fwp%2Fv2%2Fmedia&parent=6436"}],"curies":[{"name":"wp","href":"https:\/\/api.w.org\/{rel}","templated":true}]}}