{"id":6445,"date":"2023-09-04T08:19:34","date_gmt":"2023-09-04T08:19:34","guid":{"rendered":"https:\/\/www.yaseminanaokulu.com\/?page_id=6445"},"modified":"2023-09-04T08:20:34","modified_gmt":"2023-09-04T08:20:34","slug":"highscope-yaklasimi","status":"publish","type":"page","link":"https:\/\/www.yaseminanaokulu.com\/?page_id=6445","title":{"rendered":"Highscope Yakla\u015f\u0131m\u0131"},"content":{"rendered":"\t\t<div data-elementor-type=\"wp-page\" data-elementor-id=\"6445\" class=\"elementor elementor-6445\">\n\t\t\t\t\t\t<div class=\"elementor-inner\">\n\t\t\t\t<div class=\"elementor-section-wrap\">\n\t\t\t\t\t\t\t\t\t<section class=\"elementor-section elementor-top-section elementor-element elementor-element-5dced07 elementor-section-boxed elementor-section-height-default elementor-section-height-default\" data-id=\"5dced07\" data-element_type=\"section\">\n\t\t\t\t\t\t<div class=\"elementor-container elementor-column-gap-default\">\n\t\t\t\t\t\t\t<div class=\"elementor-row\">\n\t\t\t\t\t<div class=\"elementor-column elementor-col-100 elementor-top-column elementor-element elementor-element-0d27adf\" data-id=\"0d27adf\" data-element_type=\"column\">\n\t\t\t<div class=\"elementor-column-wrap elementor-element-populated\">\n\t\t\t\t\t\t\t<div class=\"elementor-widget-wrap\">\n\t\t\t\t\t\t<div class=\"elementor-element elementor-element-279aeb0 elementor-widget elementor-widget-cws_heading\" data-id=\"279aeb0\" data-element_type=\"widget\" data-widget_type=\"cws_heading.default\">\n\t\t\t\t<div class=\"elementor-widget-container\">\n\t\t\t<h3 class=\"ce_title heading\"><div>MEB \u00d6zel Yasemin Anaokulu - Avc\u0131lar\n<\/div><\/h3>\t\t<\/div>\n\t\t\t\t<\/div>\n\t\t\t\t<div class=\"elementor-element elementor-element-35bb6a8 elementor-widget elementor-widget-text-editor\" data-id=\"35bb6a8\" data-element_type=\"widget\" data-widget_type=\"text-editor.default\">\n\t\t\t\t<div class=\"elementor-widget-container\">\n\t\t\t<style>\/*! elementor - v3.15.0 - 20-08-2023 *\/\n.elementor-widget-text-editor.elementor-drop-cap-view-stacked .elementor-drop-cap{background-color:#69727d;color:#fff}.elementor-widget-text-editor.elementor-drop-cap-view-framed .elementor-drop-cap{color:#69727d;border:3px solid;background-color:transparent}.elementor-widget-text-editor:not(.elementor-drop-cap-view-default) .elementor-drop-cap{margin-top:8px}.elementor-widget-text-editor:not(.elementor-drop-cap-view-default) .elementor-drop-cap-letter{width:1em;height:1em}.elementor-widget-text-editor .elementor-drop-cap{float:left;text-align:center;line-height:1;font-size:50px}.elementor-widget-text-editor .elementor-drop-cap-letter{display:inline-block}<\/style>\t\t\t\t\t<div class=\"elementor-text-editor elementor-clearfix\">\n\t\t\t\t<p>Highscope Yakla\u015f\u0131m\u0131<br \/><br \/><\/p><p>\u2022 Etkin \u00f6\u011frenme H\u0131ghscope program\u0131n\u0131n temel s\u00fcrecini olu\u015fturur.<br \/><br \/>\u2022 Kendilerinin se\u00e7tikleri \u00e7al\u0131\u015fmalar\u0131 planlayabilen, ba\u015flatabilen ve \u00e7al\u0131\u015fmas\u0131 \u00fczerinde d\u00fc\u015f\u00fcnebilen,<br \/><br \/>\u2022 Bireysel olarak di\u011fer \u00e7ocuklarla ve yeti\u015fkinlerle etkili bir \u015fekilde \u00e7al\u0131\u015fan,<br \/><br \/>\u2022 Daha sonraki e\u011fitimsel deneyimlerde ba\u015far\u0131l\u0131 \u00f6\u011frenciler olmak i\u00e7in onlara olanak sa\u011flayan \u00f6zellikleri ve becerileri geli\u015ftiren problem \u00e7\u00f6z\u00fcc\u00fc ve karar verici bireyler olmalar\u0131 i\u00e7in cesaretlendirirler.<\/p><p>\u00a0<\/p>\t\t\t\t\t<\/div>\n\t\t\t\t\t\t<\/div>\n\t\t\t\t<\/div>\n\t\t\t\t\t\t<\/div>\n\t\t\t\t\t<\/div>\n\t\t<\/div>\n\t\t\t\t\t\t\t\t<\/div>\n\t\t\t\t\t<\/div>\n\t\t<\/section>\n\t\t\t\t\t\t\t\t\t<\/div>\n\t\t\t<\/div>\n\t\t\t\t\t<\/div>\n\t\t","protected":false},"excerpt":{"rendered":"<p>Highscope Yakla\u015f\u0131m\u0131 \u2022 Etkin \u00f6\u011frenme H\u0131ghscope program\u0131n\u0131n temel s\u00fcrecini olu\u015fturur. \u2022 Kendilerinin se\u00e7tikleri \u00e7al\u0131\u015fmalar\u0131 planlayabilen, ba\u015flatabilen ve \u00e7al\u0131\u015fmas\u0131 \u00fczerinde d\u00fc\u015f\u00fcnebilen, \u2022 Bireysel olarak di\u011fer \u00e7ocuklarla ve yeti\u015fkinlerle etkili bir \u015fekilde \u00e7al\u0131\u015fan, \u2022 Daha sonraki e\u011fitimsel deneyimlerde ba\u015far\u0131l\u0131 \u00f6\u011frenciler olmak i\u00e7in onlara olanak sa\u011flayan \u00f6zellikleri ve becerileri geli\u015ftiren problem \u00e7\u00f6z\u00fcc\u00fc ve karar verici bireyler olmalar\u0131 i\u00e7in cesaretlendirirler. \u00a0<\/p>\n","protected":false},"author":1,"featured_media":0,"parent":0,"menu_order":0,"comment_status":"closed","ping_status":"closed","template":"","meta":{"footnotes":""},"_links":{"self":[{"href":"https:\/\/www.yaseminanaokulu.com\/index.php?rest_route=\/wp\/v2\/pages\/6445"}],"collection":[{"href":"https:\/\/www.yaseminanaokulu.com\/index.php?rest_route=\/wp\/v2\/pages"}],"about":[{"href":"https:\/\/www.yaseminanaokulu.com\/index.php?rest_route=\/wp\/v2\/types\/page"}],"author":[{"embeddable":true,"href":"https:\/\/www.yaseminanaokulu.com\/index.php?rest_route=\/wp\/v2\/users\/1"}],"replies":[{"embeddable":true,"href":"https:\/\/www.yaseminanaokulu.com\/index.php?rest_route=%2Fwp%2Fv2%2Fcomments&post=6445"}],"version-history":[{"count":4,"href":"https:\/\/www.yaseminanaokulu.com\/index.php?rest_route=\/wp\/v2\/pages\/6445\/revisions"}],"predecessor-version":[{"id":6449,"href":"https:\/\/www.yaseminanaokulu.com\/index.php?rest_route=\/wp\/v2\/pages\/6445\/revisions\/6449"}],"wp:attachment":[{"href":"https:\/\/www.yaseminanaokulu.com\/index.php?rest_route=%2Fwp%2Fv2%2Fmedia&parent=6445"}],"curies":[{"name":"wp","href":"https:\/\/api.w.org\/{rel}","templated":true}]}}